t(2). Is i(j) prime?
False
Let w(o) = -35*o**3 + 2*o**2 - 6*o - 12. Is w(-5) prime?
False
Let t = -37 + 49. Let a = 81 + t. Is a composite?
True
Suppose 0 = 4*z + 2*c - 8880, 3*z - 1465 - 5194 = -c. Is z composite?
True
Let u(g) = -20*g**3 - 5*g**2 + g - 1. Let r(z) = 41*z**3 + 10*z**2 - 3*z + 2. Let n(j) = 6*r(j) + 13*u(j). Is n(-4) composite?
True
Suppose -6*b + 7291 = -32867. Let t = -3776 + b. Is t a composite number?
False
Let r = -1726 + 998. Let i = 1213 + r. Is i composite?
True
Suppose 0 = 5*k - 21459 + 2649. Suppose 5*b + k = 19007. Is b composite?
False
Let t = -23 + 24. Let p be 515/10*2*t. Let u = p + 88. Is u composite?
False
Suppose -4*d - 11 = -5*f, 3*f + d + 0*d - 10 = 0. Suppose 0 = -f*x - 2*x. Suppose 2*p - 6 - 152 = x. Is p prime?
True
Let d be (-5)/(-20) - ((-14655)/(-12) + -2). Let o = -734 - d. Is o composite?
True
Suppose -7*a + 6 = -4*a. Suppose 0 = l + f + 124, -5*f - 184 - 70 = a*l. Let g = l - -373. Is g a composite number?
False
Suppose 0*y = -4*k - 3*y - 548, 0 = -2*k + 3*y - 292. Let d = k + 199. Is d a prime number?
True
Suppose a + 4*o = 506, 3*a + o - 2*o - 1479 = 0. Suppose 10*u - 5*u - 60 = 0. Suppose -u - a = -2*g. Is g a prime number?
False
Suppose -140 + 1095 = 5*c. Is c a composite number?
False
Is 0 + 1/(3/(-21)) - -18426 prime?
False
Let q be -6801*4/(-180) + 4/(-30). Suppose -5*g - q = -2706. Is g prime?
False
Suppose 3*t + 2*t = -2070. Is t/(-2) + 1 - -3 composite?
False
Suppose 4*u - 34112 = 4*n, -u + 6819 = n - 1715. Is u composite?
True
Let h be 1*(4 + (-1 - -2)). Suppose -7*w = 2*q - 2*w - 2, h*w = -5*q + 20. Is q/8 + 627/12 composite?
False
Let q = 49 + -21. Suppose 0*n + q = 7*n. Suppose -3*s = -n*s + 97. Is s a prime number?
True
Let s(d) = 12*d**3 - d**2 + 3*d + 1. Suppose -5 = 3*m - 17. Let g be s(m). Suppose 5*p - 670 - g = 0. Is p prime?
False
Let a(m) = m**3 - 11*m**2 + 3*m - 93. Is a(22) a prime number?
True
Suppose -14*s + 18 = -5*s. Is 3448 + 8 + (-15)/3 + s prime?
False
Let n = 307 + -272. Is n prime?
False
Let v = 63 - 57. Suppose 4*p - v*p = -1262. Is p composite?
False
Suppose 5*g = -11 - 34. Let n = g + 8. Is 3 - (n + -2 + -205) a composite number?
False
Let n(j) = j**2 + 24*j - 647. Is n(58) composite?
True
Let o(x) = -21486*x - 13. Is o(-4) a composite number?
False
Let d(u) = 3*u - 3. Let q be d(5). Suppose 4*p + 4 + 0 = b, 3*b = -q. Is 1572/4 + p + -2 composite?
False
Is 11/(-33) - 3/(-9)*2230 prime?
True
Suppose 3*t - 90 = 5*f, -4*t + 5*f = f - 112. Suppose -x - t = -3*i - 6*x, -3*x = -6. Is (-8)/20 - (-1257)/i a composite number?
False
Suppose 376 = -g - 5*f + 6596, 31200 = 5*g + 5*f. Is g a composite number?
True
Suppose -2*j + 3*g = -40, 3*j = j - 3*g + 16. Suppose -10*m - 2164 = -j*m. Is m prime?
True
Let w be ((-376)/6)/(2/39). Let k = w + 3159. Is k a prime number?
False
Let r(o) be the second derivative of o**5/20 + o**4/3 - o**2 - 8*o. Let f be r(-2). Suppose -50 + f = -4*w. Is w composite?
False
Suppose 1 = -v, 3*g - 2819 = -2*v - 2*v. Suppose -3*z - 909 = 3*n - 4*n, 0 = -n - 5*z + g. Is n prime?
False
Let a(r) be the first derivative of -19/2*r**2 - r - 1/3*r**3 - 7. Is a(-15) a composite number?
False
Suppose -13*j + 355530 = 57*j. Is j a composite number?
True
Let w(g) = 167*g - 16. Let i(d) = 167*d - 14. Let k(f) = -3*i(f) + 2*w(f). Is k(-13) a prime number?
False
Let x = -1 - -6. Suppose -x*t + 278 = -362. Suppose -3*a + s + 40 + t = 0, -2*a + 5*s = -125. Is a a composite number?
True
Let a be 0 + 1 - (5 + -1). Is 387 + (-3)/a + 3 prime?
False
Is (1906/(-8))/(24 - (-2619)/(-108)) composite?
False
Suppose 0 = -5*i - 0*i + 150. Suppose -4*v + 4*n + 38 = 14, i = 5*v + 2*n. Suppose -q + v*q - 115 = 0. Is q a prime number?
True
Suppose 3*o - 1 = o + q, 8 = -2*o + 4*q. Let v be (-577 - 59)*(-8)/6. Suppose v = o*i + 118. Is i composite?
True
Let g(p) = -4*p**3 + 7*p**2 - p - 19. Is g(-10) prime?
True
Suppose 0 = 5*g + 3*n - 2*n - 1, 0 = g - 2*n + 2. Suppose -7*x - 3*x + 8770 = g. Is x a composite number?
False
Suppose c - 30948 = -3*m + 59856, 5*c = -15. Is m composite?
False
Suppose 0 = 2*g + 5*x - 895, g - 563 = -5*x - 108. Suppose 2329 = c + g. Is c composite?
False
Suppose p + 9*j - 6*j = 28, -96 = -3*p - 3*j. Is p a composite number?
True
Suppose 40 = 6*d - 86. Let h = 25 - d. Suppose -4*o = 8, 2*x - h*x = -2*o - 1118. Is x composite?
False
Let w(y) = -y**3 - 3*y**2 + 2*y - 12. Let a be w(-4). Is (-16)/(a/(-1)) - -25*59 composite?
False
Suppose -4*w - 3775 = -d, 2*d = -3*w - 495 + 8089. Is d prime?
False
Suppose 2*n + 5*v = -9745, 5*n + 24355 = 3*v - 8*v. Is ((-1)/(-2))/((-5)/n) a composite number?
False
Let x be (-4)/10 - 22/(-55). Suppose -2*u - 348 = -2*r - 2*r, x = 3*r + 3. Let o = u + 325. Is o a composite number?
False
Suppose -3*t + 4*y - 22753 = -8*t, 18218 = 4*t - 2*y. Is t prime?
False
Is 1970555/12 + (-7)/(-84) prime?
False
Suppose 2*c + 3*k = 11959, 5*c + 16*k - 19*k - 29908 = 0. Is c composite?
False
Let a(j) = -47*j - 60. Let r(w) = w**3 + 17*w**2 + 18*w + 25. Let x be r(-16). Is a(x) composite?
False
Let f = 40 - 44. Is (f/32*-3766)/((-1)/(-4)) a prime number?
False
Let l(j) = -2*j**3 - 9*j**2 + 13*j - 27. Is l(-17) prime?
True
Suppose 4*h + 3260 = -k + 2*k, 0 = -3*k - 4*h + 9780. Suppose k = -5*g + 9*g. Is g prime?
False
Suppose -2*w - 636 = v - 35857, -5*w = 4*v - 88057. Is w a prime number?
True
Suppose 10*s - 31 - 29 = 0. Suppose 2*i + 764 = s*i. Is i a composite number?
False
Let c be -11 + -2*(-6)/4. Let x(k) = -2*k**2 - 12*k - 15. Let z be x(c). Let g = z + 142. Is g prime?
False
Suppose n = -w + 4*n + 38, -5*w + 3*n + 250 = 0. Is w composite?
False
Suppose -1327 = -6*l + 6155. Is l a prime number?
False
Suppose 3*b = 5*f + 43, -4*b + 8 = -3*f - 31. Let p(j) be the first derivative of j**4/4 - 4*j**3/3 - 3*j**2/2 - 8*j - 51. Is p(b) a composite number?
True
Let w(t) be the first derivative of -76*t**2 + 6*t + 13. Is w(-4) a prime number?
False
Let j be (2 + 0/1)*4. Suppose 6*m = j*m - 66. Is m a composite number?
True
Let u be 3/2 - (-4669)/14. Let q = 836 + u. Is q a composite number?
False
Let z(v) = -v**3 + 5*v**2 - 3*v - 4. Let x be z(4). Suppose -10 = -5*m - x*m. Suppose 4*b = m*b + 266. Is b a prime number?
False
Let f be 2 - (0 - (-1 + 1)). Suppose 0 = -s + 2*r + f*r + 333, 3*r - 1780 = -5*s. Is s a prime number?
True
Suppose 27*a - 327562 = 200639. Is a composite?
True
Suppose 15*s - 4*h = 16*s - 27977, 0 = -4*h. Is s a composite number?
True
Is (114/4 + 1)*(5 - -129) prime?
False
Let x = 525 - 754. Let c = -8 - x. Is c a prime number?
False
Let l(d) = 2624*d + 131. Is l(7) composite?
True
Let i = 19027 - -84492. Is i a composite number?
True
Let w = -43 + 44. Is ((-1019)/(-2))/w*(-16 - -18) composite?
False
Let y(w) = -6*w - 4. Let h be y(-2). Suppose h*m - 9*m = -176. Suppose f - 4*v - m = 145, 656 = 2*f - v. Is f prime?
False
Let k be -3 - (22 - (-3)/(-3)). Let a be k/42 + 8/14. Suppose -d + 206 + 20 = a. Is d prime?
False
Let d = 214 - 209. Let p be ((-126)/2)/(-1) - -1. Let k = p - d. Is k prime?
True
Is -6 + 6 - (-17 + -2) prime?
True
Let m(l) = 2*l + 15. Let q be m(-9). Let c(g) = -37*g**3 + 3*g**2 - 1. Let a(p) = -37*p**3 + 4*p**2 - p. Let w(d) = q*c(d) + 2*a(d). Is w(2) composite?
True
Suppose -s + 815 = 2*u, -442 - 1191 = -4*u - s. Is u composite?
False
Let v(r) = 105*r**2 - 24*r + 13. Is v(-6) a composite number?
True
Let f be (-9)/(-3) - (5 + 273). Let v = -42 - f. Is v a prime number?
True
Suppose u - 4090 = -u. Suppose v = -z + 4*z - u, 0 = 5*z + 4*v - 3431. Is z composite?
False
Suppose r - 339 = 548. Suppose 2*n - r = -5*u, 553 = 3*u - 0*n - 4*n. Let f = u + -64. Is f composite?
True
Suppose 4*p = -0*p - 1028. Let m(c) = 19*c + 4. Let b be m(-4). Let j = b - p. Is j composite?
True
Let v(n) = 137*n - 27. Is v(4) composite?
False
Let s(g) = -g**3 + 20*g**2 - 24*g + 15. Let j be s(16). Suppose -3*l = 3 - 0, 3*l + j = 4*u. Is u a composite number?
False
Is -7 + 1 - (-8 + 1) - -1933 a composite number?
True
Let j be (-900)/(-6) - (-2)/1. Suppose -r = -3*t - j, -r - 2*t + 191 = 44. Let c = r + 492. Is c a prime number?
True
Let v(m) = 52*m**2 - 2*m. Let g be v(-1). Let o = 3 + g. Is o a prime number?
False
Suppose 2*g - 2*u = 206910, 41*g - 4*u + 310337 = 44*g. Is g prime?
True
Let w = 64 + -40. Suppose 104 = 2*u + w. 